e s(0).
713
Let x(q) = q**3 - 31*q**2 - 129*q + 2034. Give x(16).
-3870
Let i(d) = -2*d**2 + 142*d - 2786. Give i(45).
-446
Let t(z) = 1063*z + 2009. Calculate t(-2).
-117
Let v(t) = -11*t**3 + 233*t**2 - 342*t + 6694. Calculate v(21).
394
Let p(h) = 2908*h**2 - 28729*h - 11. What is p(10)?
3499
Let y(v) = -8*v**3 + 1426*v**2 + 1078*v - 730. Determine y(179).
-14
Let t(u) = -2738*u + 31242. Determine t(12).
-1614
Let i(y) = 89*y**2 - 2415*y + 146. Give i(27).
-178
Let n(m) = -2*m**3 + 35*m**2 - 87*m + 3. What is n(14)?
157
Let t(k) = k**3 + 12*k**2 - 673*k - 9022. Calculate t(-14).
8
Let d(m) = -114*m**2 - 5906*m + 7224. Give d(-53).
16
Let p(t) = -1224*t - 277385. Give p(-227).
463
Let c(n) = -19*n**2 + 1130*n + 1130. Give c(-1).
-19
Let a(j) = -79*j**2 + 228*j - 829. Calculate a(4).
-1181
Let s(y) = -y**3 - 32*y**2 + 34*y + 355. Determine s(-32).
-733
Let l(x) = 2*x**2 + 46683*x - 326888. Determine l(7).
-9
Let h(m) = -29*m**3 - 226*m**2 + 6*m + 224. What is h(1)?
-25
Let z(l) = 1477*l + 1132407. Calculate z(-767).
-452
Let a(y) = -32400*y + 259276. Give a(8).
76
Let q(w) = 2*w**2 - 1993*w + 44778. Give q(23).
-3
Let a(k) = 9567*k - 66886. Give a(7).
83
Let x(n) = 14*n**3 + 616*n**2 - 13*n + 35. What is x(-44)?
607
Let d(c) = 8118*c**2 + 16312*c - 1. Calculate d(-2).
-153
Let w(f) = 1245*f + 99926. Calculate w(-80).
326
Let t(k) = 874*k - 483323. Determine t(553).
-1
Let w(m) = 3375*m + 12491. Calculate w(-3).
2366
Let u(s) = -s**3 - 16*s**2 + 39*s + 326. What is u(-8)?
-498
Let b(a) = -164*a**3 + 358*a**2 + 404*a - 10. Give b(3).
-4
Let a(s) = 3061*s + 297034. Give a(-97).
117
Let v(h) = -3*h**3 + 72*h**2 + 73*h + 27. Determine v(25).
-23
Let x(b) = b**3 + 54*b**2 - 2783*b + 990. What is x(32)?
-2
Let i(l) = -l**2 + 12347*l - 908239. Give i(74).
-37
Let a(r) = r**2 - 7282*r + 4530768. What is a(687)?
3
Let s(d) = -6268*d - 49925. Calculate s(-8).
219
Let k(f) = 8*f**2 + 538077*f - 538076. What is k(1)?
9
Let a(h) = -h**2 + 1799*h - 598003. Determine a(440).
-43
Let w(o) = -14*o**3 + 493*o**2 - 111*o + 239. Determine w(35).
29
Let n(m) = -29086*m - 2821352. Calculate n(-97).
-10
Let c(o) = -2*o**2 - 305*o - 11585. Determine c(-72).
7
Let k(r) = 35*r**2 - 3219*r + 57085. Calculate k(24).
-11
Let v(n) = 11*n**2 + 492*n - 2077. What is v(4)?
67
Let f(p) = -39*p**3 + 35*p**2 + 1763*p - 1759. What is f(1)?
0
Let o(k) = k**3 - 32*k**2 - 23*k - 89. Give o(7).
-1475
Let o(w) = -1469*w - 45418. Give o(-31).
121
Let y(t) = 3*t**2 + 30*t + 22. What is y(-3)?
-41
Let r(q) = -582*q - 136767. Calculate r(-235).
3
Let y(h) = 1676*h + 42431. Give y(-25).
531
Let c(h) = -27971*h + 531453. Calculate c(19).
4
Let h(r) = -15*r**3 - 1034*r**2 + 72*r + 181. Give h(-69).
-26
Let m(f) = -4*f**3 + 63*f**2 - 163*f - 94. What is m(12)?
110
Let g(h) = 2*h**3 - 117*h**2 - 173*h - 422. Determine g(60).
-2
Let b(f) = -4186*f + 1105209. Determine b(264).
105
Let i(j) = 2*j**3 - 28*j**2 + 17*j + 78. Calculate i(2).
16
Let o(h) = 764*h - 41740. Calculate o(58).
2572
Let r(m) = 131*m**2 + 253*m - 138. Calculate r(-3).
282
Let u(q) = -2*q**3 - 24*q**2 + 372*q + 2803. What is u(-18)?
-5
Let q(i) = -i**3 - 50*i**2 + 2027*i - 6017. Calculate q(24).
7
Let j(p) = -95*p - 2948. Calculate j(-33).
187
Let z(x) = -x**2 + 312*x + 4589. Give z(-14).
25
Let b(y) = -y**3 + 27*y**2 + 34*y - 89. Calculate b(28).
79
Let x(t) = t**3 + 213*t**2 + 726*t - 23010. Calculate x(-209).
-20
Let a(i) = -i**3 + 18*i**2 + 28*i - 84. What is a(21)?
-819
Let n(p) = 8*p**3 + 264*p**2 - 35*p - 1169. Give n(-33).
-14
Let a(k) = -k**3 - 24*k**2 - 12333*k - 322015. What is a(-26)?
-5
Let g(z) = 39*z**2 + 2244*z - 10774. Give g(-62).
14
Let k(j) = 11*j**3 + 48*j**2 + 91*j + 143. Give k(-3).
5
Let u(t) = 919*t + 51523. Determine u(-56).
59
Let m(v) = v**2 + 76*v + 2077. Determine m(-72).
1789
Let s(a) = -2*a**2 - 5535*a + 1894509. Calculate s(308).
1
Let h(v) = -222*v - 11761. Determine h(-53).
5
Let k(f) = -2671*f + 196489. Give k(73).
1506
Let w(x) = 4*x**2 - 4*x + 202. Determine w(-6).
370
Let a(w) = 15296*w + 8382246. Calculate a(-548).
38
Let k(a) = -a**2 + 49099*a + 786034. What is k(-16)?
194
Let g(c) = -3725*c + 29622. Determine g(8).
-178
Let c(f) = -6488*f - 20639. Calculate c(-4).
5313
Let k(w) = 8*w**3 - 54*w**2 - 39*w + 393. What is k(6)?
-57
Let k(n) = 822*n + 41102. Determine k(-50).
2
Let v(r) = -421*r - 36618. Give v(-87).
9
Let k(o) = -4819*o + 168674. Calculate k(35).
9
Let b(m) = -m**3 - 77*m**2 + 62*m + 3362. Give b(-77).
-1412
Let m(c) = 17640*c - 35196. What is m(2)?
84
Let b(r) = 8714*r + 461844. What is b(-53)?
2
Let g(s) = -881*s - 22013. Determine g(-25).
12
Let l(c) = 588*c - 249437. What is l(424)?
-125
Let n(k) = -3*k**2 + 1045*k - 8435. Give n(8).
-267
Let d(w) = 1205*w - 55484. What is d(46)?
-54
Let b(s) = -s**3 - 23*s**2 + 169*s + 3410. Give b(-24).
-70
Let a(d) = 11*d**2 + 1247*d - 18079. Calculate a(13).
-9
Let b(l) = 8157*l - 81529. Determine b(10).
41
Let m(i) = 393*i + 1659. What is m(-4)?
87
Let u(m) = -14*m**3 + 513*m**2 + 3581*m - 3. Give u(-6).
3
Let m(a) = a**3 + 42*a**2 - 34*a + 822. Give m(-44).
-1554
Let y(x) = 4*x**3 + 250*x**2 + 3724*x - 24. Give y(-38).
-24
Let f(s) = -315*s + 13546. Calculate f(43).
1
Let s(j) = 3*j**3 + 32*j**2 - 742*j - 8389. Calculate s(-14).
39
Let s(b) = 9774*b + 185179. Determine s(-19).
-527
Let z(h) = -2*h**3 - 430*h**2 - 431*h - 503. Give z(-214).
139
Let n(h) = -219362*h - 1535607. Give n(-7).
-73
Let u(x) = x**3 - 19*x**2 + 538*x - 7828. Give u(16).
12
Let r(d) = 3295*d + 92207. Give r(-28).
-53
Let k(f) = 88882*f - 622171. What is k(7)?
3
Let m(x) = 73*x**2 + 82*x - 455. Give m(5).
1780
Let u(r) = 3*r**3 + 3*r**2 - 46*r - 30. Give u(5).
190
Let x(i) = -2*i**2 + 54814*i + 1536357. Give x(-28).
-3
Let a(v) = 17*v**2 + 3138*v + 15270. Calculate a(-5).
5
Let m(x) = -1993*x**2 - 77728*x - 41. Determine m(-39).
-2
Let j(o) = -5*o**2 - 115*o + 95. Determine j(-24).
-25
Let l(v) = 3*v**2 + 1905*v + 22424. Give l(-623).
-4
Let r(f) = -f**3 + 450*f**2 - 2181*f - 19562. Calculate r(445).
18
Let b(c) = 47212*c + 8. What is b(0)?
8
Let a(b) = 10433*b + 156503. Give a(-15).
8
Let f(o) = -1012*o + 328. Calculate f(1).
-684
Let a(r) = -1461*r**2 - 5972*r - 348. Calculate a(-4).
164
Let v(d) = -3828*d + 42265. Determine v(11).
157
Let y(u) = 95*u**2 - 225*u + 1624. What is y(5)?
2874
Let s(r) = 9602*r + 364882. Determine s(-38).
6
Let q(k) = -62*k + 2151. Determine q(35).
-19
Let h(k) = -12435*k - 310879. Calculate h(-25).
-4
Let p(d) = -66*d + 4320. Give p(69).
-234
Let n(o) = 989*o**2 - 1984*o. Give n(2).
-12
Let m(p) = 596*p - 101001. Calculate m(171).
915
Let k(s) = -s**2 - 522*s + 122088. Determine k(175).
113
Let r(y) = -707*y + 27021. Calculate r(38).
155
Let g(q) = 29*q**2 - 4726*q - 14579. Give g(166).
29
Let v(z) = 2*z**2 + 14958*z - 707462. What is v(47)?
-18
Let k(w) = -4*w**3 - 27*w**2 + 1035*w + 7191. Calculate k(-7).
-5
Let x(r) = -112*r**2 - 11677*r - 3039. Determine x(-104).
-23
Let z(j) = -j**2 + 11436*j - 399026. Determine z(35).
9
Let p(t) = -4*t**3 + 169*t**2 + 4*t - 189. Determine p(42).
1743
Let x(c) = 2*c**2 - 227431*c + 909691. Calculate x(4).
-1
Let u(k) = -2*k**2 + 250*k + 30395. What is u(-74)?
943
Let k(h) = 3*h**3 + 116*h**2 + 146*h + 567. What is k(-38)?
-2093
Let n(v) = 48*v**3 + 61*v**2 - 72*v + 10. Calculate n(1).
47
Let v(h) = 449*h - 11906. Give v(31).
2013
Let w(k) = 2*k**3 + 91*k**2 - 365*k - 9197. Determine w(-9).
1
Let h(i) = i**2 + 1491*i - 66544. Calculate h(44).
996
Let k(x) = 2*x**2 + 358*x + 8661. Give k(-150).
-39
Let h(v) = -29*v**2 + 1459*v + 83. Calculate h(50).
533
Let v(z) = 5*z**2 - 47*z - 495. Determine v(-8).
201
Let k(r) = 7*r**2 + 161*r + 491. Calculate k(-18).
-139
Let w(m) = m**2 - 17898*m + 160983. Determine w(9).
-18
Let h(q) = -87*q**3 + 1583*q**2 - 182*q - 2212. Determine h(18).
20
Let h(c) = c**3 + 306*c**2 + 9709*c - 2995. What is h(-270)?
-25
Let m(v) = 3*v**2 + 7*v + 1095. Calculate m(0).
1095
Let q(x) = 13*x**2 - 152*x + 40. Give q(10).
-180
Let u(a) = -2535*a + 595880. Determine u(235).
155
Let u(d) = -2749*d**2 - 11006*d - 29. Give u(-4).
11
Let w(o) = -o**2 + 203*o - 9946. Determine w(85).
84
Let f(g) = -10*g**2 + 556*g - 6078. What is f(15)?
12
Let k(c) = -3800*c + 786659. Giv